d j?
21
Let l(w) = -2*w**2 + 36*w + 36. Let o be l(18). What is the highest common divisor of o and 36?
36
Let g = -13 - -29. Suppose g*u - 6*u - 60 = 0. What is the greatest common factor of 48 and u?
6
Let i be (-339)/(-5) - 14/(-70). What is the highest common divisor of i and 51?
17
Let a be 10*14*10/280. Let b be 26/6 - (-4)/6. Calculate the greatest common factor of b and a.
5
Let g = 551 + -548. Calculate the greatest common divisor of g and 5.
1
Suppose -2*n + 11*l = 8*l - 83, -4*n + 206 = 2*l. Calculate the highest common factor of n and 7.
7
Let v = 456 - 418. What is the highest common factor of v and 1102?
38
Let n be -4 + (14 - -2)*-1. Let o = n + 23. Suppose 0 = -o*y + 1 + 5. What is the highest common factor of 10 and y?
2
Suppose -2*z + 7 - 3 = 0. Let s be (-2)/((z - 6 - -3)/2). Calculate the greatest common divisor of s and 4.
4
Let o(t) = -t**3 + 2*t**2 + 15*t + 36. Let r be o(-5). What is the greatest common factor of 17 and r?
17
Suppose -21*d + 26*d - 65 = 0. Calculate the highest common divisor of d and 481.
13
Suppose 0 = 7*h + 60 - 144. What is the greatest common divisor of h and 384?
12
Let d(t) = -15*t + 2. Let b be d(-1). Let m = 0 + -2. Let r = m + b. What is the highest common factor of 6 and r?
3
Let x = 163 - -200. Suppose -x = -2*u + i, 164 = -3*u + 3*i + 713. Calculate the highest common factor of 36 and u.
36
Let b be 5/((-20)/(-24)) - 1. Suppose b*a - 15 - 125 = 0. Calculate the greatest common divisor of a and 42.
14
Let a be (2*-2*2)/(-2). Suppose a*x = 320 + 72. Suppose -3*k + b + 34 = -b, -2*b - 62 = -5*k. What is the greatest common divisor of x and k?
14
Let q(j) = -j**3 + 6*j**2 + j - 4. Let v be q(6). Let n be (0 - 2 - -9) + v. Suppose 0 = -0*h + 4*h - 144. What is the highest common divisor of h and n?
9
Let m = 0 - -9. Let q(r) = -r**3 - 7*r**2 + 8*r. Let n be q(-8). Suppose -z + 81 = -n*z. What is the greatest common divisor of z and m?
9
Suppose 2*i = -5*i + 21. Suppose i*w = 12, 2*u - 4*w - 2 = -0*w. Let h be u - -15 - (1 + -1). What is the highest common divisor of h and 4?
4
Let r be 38/(-57)*66/(-4). Suppose 6*u = r + 241. What is the highest common divisor of u and 6?
6
Suppose -14*j - 1344 = -28*j. Let h = 17 + -5. Calculate the greatest common divisor of j and h.
12
Suppose 462 = 5*q - 2*q. What is the greatest common divisor of q and 88?
22
Let r(w) be the third derivative of 41*w**5/60 + w**4/12 + 3*w**2. Let x be r(-2). Let a = 58 + -38. Calculate the greatest common divisor of x and a.
20
Let p = -27 + 73. What is the greatest common factor of 115 and p?
23
Suppose -x + 17 = 2*x - 2*r, -3*r = x - 2. Suppose -3*a + 10 + 5 = 0. What is the greatest common factor of x and a?
5
Suppose -2014 = -5*f - 214. Suppose 5*s - f + 80 = 0. Suppose -4*j - s = -2*x, -x + 4*j = -3*x + 40. What is the greatest common divisor of x and 216?
24
Suppose 167 = -3*z + x + 834, -3*x - 1105 = -5*z. Calculate the greatest common divisor of z and 28.
28
Suppose 4*c - 883 = -4*h + 253, 4*c + 5*h - 1132 = 0. Calculate the highest common factor of c and 18.
18
Suppose 168 = -3*t + 7*t. Suppose -2*n = o + n - t, 5*o - 210 = 3*n. What is the highest common divisor of o and 14?
14
Let h = -1392 - -2192. Calculate the greatest common factor of h and 32.
32
Let d be (-3)/(-2) + 3/2. Suppose 5*y = -2*a + 875, 0 = -2*a - y - 362 + 1241. Suppose -8*p = -d*p - a. What is the highest common divisor of p and 11?
11
Let b be -28 + 0 + -1 + 2. Let n(q) = q**2 - 19*q + 55. Let m be n(11). Let c = b - m. What is the highest common divisor of c and 66?
6
Let r be (6/5)/(((-39)/10)/(-13)). Suppose 0 = -2*j - r, -w + 14 = 4*j - 3*j. What is the greatest common divisor of 32 and w?
16
Suppose -2*w + 3*k - 6*k = -21, 0 = -5*k + 25. Suppose -g = w - 6. Suppose x + x = g*q + 66, -3*x - q = -110. Calculate the greatest common factor of x and 144.
36
Suppose 3*l = 5*g - 415, -g - 2*l = -0*l - 83. Let q = 99 - g. Calculate the highest common divisor of q and 4.
4
Suppose 3*q - 4*q + 1 = -f, 3*f + 8 = 4*q. Suppose f*m + 522 = 1514. Calculate the highest common divisor of m and 31.
31
Suppose -1026 - 690 = -33*d. Let i(x) = x**2 + 3*x + 3. Let o be i(-5). What is the highest common factor of o and d?
13
Let i = 57 + -49. Calculate the highest common factor of i and 40.
8
Suppose -4548 = -73*q + 708. Calculate the greatest common factor of 240 and q.
24
Let s be 1*4/6*3. Let u = 458 + -456. Calculate the greatest common factor of s and u.
2
Let k be ((-18)/4)/((-3)/6). Let a be 2 + 5/(5/2). Suppose -4*p + 5*x + 391 = 0, a*p - 5*x = -p + 490. Calculate the highest common factor of p and k.
9
Let t be 652/54 + (-4)/54. What is the highest common divisor of t and 56?
4
Let p be 20/(-1)*3/5*-1. Let z = 20 - -16. What is the greatest common divisor of z and p?
12
Let h = -1929 + 3231. What is the greatest common factor of h and 31?
31
Let n be 4/(8/(-6))*-2. Suppose 239 = n*p - 169. Calculate the greatest common factor of p and 17.
17
Let j(k) = 3*k + 84. Let c be j(-20). What is the highest common divisor of 12 and c?
12
Let l(x) = x**2 - 10*x + 23. Let n be l(7). Suppose -3*b + y + 9 + n = 0, 1 = y. What is the greatest common divisor of 52 and b?
4
Let h = 158 + -132. What is the highest common factor of h and 156?
26
Suppose -10*i = -6*i - 1124. Let z = -392 + 221. Let w = z + i. What is the greatest common divisor of 10 and w?
10
Let x be (67 - 70) + 16 + -2. Suppose -m + 59 - 15 = 0. What is the greatest common divisor of x and m?
11
Suppose 2849 = -41*v + 48*v. Calculate the greatest common divisor of 37 and v.
37
Suppose -101 = -4*r + 23. What is the greatest common factor of 31 and r?
31
Let n be 1/(126/125 + -1). Suppose 0 = -27*z - 32*z + 1475. Calculate the highest common factor of z and n.
25
Suppose -2*c + 51 = 3*k, 5*c + 62 = -5*k + 152. What is the greatest common divisor of k and 675?
15
Let w(u) = -49*u - 3. Let y be w(-3). Suppose 6*t - 3*t - y = 0. Calculate the highest common factor of t and 24.
24
Let l = -571 + 666. What is the highest common factor of l and 5?
5
Let q(w) = -w + 1. Let z(v) = 19*v**2 - 6*v + 7. Let y(p) = -3*q(p) + z(p). Let f be y(1). What is the greatest common divisor of 5 and f?
5
Suppose -2*q + 2*h + 6 = 0, h = 2*q - 4 - 5. Suppose -4*p = -u + q*u - 150, 0 = -3*u - p + 90. Calculate the highest common factor of 12 and u.
6
Let w be 22 + -1 + 3 + -4. Suppose 2*m - 20 = w. Let r(a) = -141*a**3 + a. Let q be r(-1). Calculate the greatest common factor of m and q.
20
Let b be 21/3 - (-8 - -16)/(-8). What is the highest common divisor of b and 8?
8
Suppose -4*z + 3*p + 70 = 2*p, 44 = 2*z + 4*p. Calculate the highest common divisor of z and 36.
18
Let t be (6/5)/((-18)/(-405)) - -5. Calculate the highest common factor of t and 112.
16
Let u(i) = -14*i**3 + 2*i**2 + i - 1. Let z be u(-3). Calculate the greatest common factor of z and 56.
56
Let v be (170 - (-4 + 3))/(12/8). Calculate the highest common divisor of v and 76.
38
Suppose 0 = -g - 4*g + 50. Let v(n) = -n**3 + 62*n**2 - 113*n - 385. Let d be v(60). Calculate the greatest common divisor of g and d.
5
Let a = 281 - 256. Let s = -362 + 587. What is the greatest common factor of s and a?
25
Suppose 101 = 3*d + 44. Suppose 4*z + 0*z = -q + 23, -2*z + d = q. Calculate the greatest common factor of 165 and q.
15
Suppose -l - 3*l + 5*c = -868, 3*l - c - 662 = 0. Calculate the greatest common divisor of l and 24.
6
Let x(w) = w**3 + w**2 - 17*w + 2. Let j = -31 - -35. Let l be x(j). What is the greatest common factor of l and 154?
14
Suppose 47*j - 214 = 49*j. Let y = j + 110. What is the highest common divisor of 5 and y?
1
Suppose -12*u = -14 - 22. Calculate the highest common factor of 51 and u.
3
Let w be (11/66*-33)/((-2)/4). Calculate the highest common divisor of w and 803.
11
Let n be -1*2 + 112 + -109. What is the greatest common divisor of 137 and n?
1
Let y(q) = 2*q**2 - 6*q - 8. Let s be ((-1)/(-3))/((-2)/(-36)). Let x be y(s). What is the greatest common factor of 140 and x?
28
Suppose -3*d - z + 409 = 0, d = -3*z + 188 - 41. Suppose -b + 0*b + 7 = -2*k, -59 = -5*b + 4*k. What is the highest common divisor of d and b?
15
Suppose 5*u + 4*t - 84 = 0, -5*u - 2*t - 3*t = -85. Let c be -1*1*(-4)/28*0. Suppose d - 9*d + 256 = c. Calculate the gre